 common divisor of m and r.
6
Let n = 998 + -870. Calculate the highest common factor of n and 64.
64
Let b(y) = 3*y - 6. Let k be b(5). Let n be (3/2)/(4/(2400/18)). Let z = -47 + n. What is the greatest common divisor of z and k?
3
Suppose -4 = -3*v + v. Let p = -5 - -9. Let n be 32/2 - (p - 2). Calculate the greatest common divisor of v and n.
2
Let b = -5 + 11. Let v be 1 + (-10)/2 - (-8 + -62). What is the highest common divisor of v and b?
6
Let h be -4*(-1)/6*9. Let q(j) = j + 18. Let n be q(-12). Let v be -2*n/(-8)*20. What is the highest common factor of h and v?
6
Suppose -c + 3*t + 687 = 0, -10*c = -7*c + t - 2111. Calculate the highest common divisor of 108 and c.
54
Let m be (3*4/(-2))/(348/(-232)). What is the greatest common divisor of m and 15?
1
Let x(c) = c**3 + 4*c**2 + 3*c + 5. Let q(w) = -2*w**3 - 2*w + 1. Let z be q(1). Let j be x(z). What is the highest common factor of 25 and j?
5
Let h(r) = -2*r + 54. Let f be h(23). Let g = -53 - -86. Suppose t + 2*p = -3*p + g, -5*p = -25. What is the highest common divisor of f and t?
8
Let k = -281 + 407. What is the greatest common divisor of k and 18?
18
Let s = 1799 + -1239. What is the highest common divisor of s and 35?
35
Let v = -10 + 13. Suppose -26 - 40 = -v*q. Let y = q + -12. Calculate the highest common factor of y and 5.
5
Let w(g) = -4*g**2 + 30*g - 24. Let m be w(6). Calculate the greatest common factor of m and 132.
12
Suppose -2*w + 4 = -2. Suppose 366 = h + 5*s, h - 3*s - 157 = 177. Suppose f - h = -w*c - f, -3*f - 97 = -c. What is the greatest common factor of c and 14?
14
Let f = -1545 - -1725. What is the highest common divisor of 96 and f?
12
Let v be (-14)/(-4) - 2/(-4). Suppose -v*y = y - 990. Suppose z = -5*t + 18, z - 25*t + 24*t - 18 = 0. What is the greatest common divisor of y and z?
18
Suppose 4*x - 3*y - 22 = 0, 5*x - 5*y - 21 = 4. Calculate the greatest common factor of x and 77.
7
Suppose -3*k + 4*r + 134 = 0, -k = -2*k - 2*r + 28. Let x = 66 - k. Let h = 71 + x. What is the greatest common factor of 9 and h?
9
Suppose 0 = -2*f + 4*c - c + 42, -5*f = 3*c - 84. Let v = f - 10. Let r(d) = 2*d**3 + 2*d. Let m be r(2). What is the highest common divisor of v and m?
4
Suppose 4*f + 456 = 4*l, 12 = -0*f - 3*f. Suppose -3*s = -4*p - 77, -4*s + l = p + p. What is the greatest common factor of 18 and s?
9
Let x be 230/69*12/10 - -134. Calculate the highest common factor of 230 and x.
46
Let l be 6/18 + 1720/60. Let m be (-9)/6*(-1 + -57). Calculate the greatest common factor of l and m.
29
Let q(s) = 2316*s + 4. Let p be q(-2). Let b be 1*p/(-20) - (-2)/(-5). What is the highest common factor of b and 33?
33
Let l = 70 + -59. What is the highest common divisor of 231 and l?
11
Let g be 3/((-12)/(-4))*3. Suppose -3*l - 51 = -2*b, g*b - 79 = 5*l - 3. Calculate the greatest common factor of 27 and b.
27
Let h(l) = -278*l + 2. Let k be h(-1). Let d = 775 - k. What is the highest common divisor of 45 and d?
45
Let t(c) = -c**2 + 7*c - 4. Let m be t(6). Suppose -4 - 16 = -m*z. What is the greatest common divisor of 70 and z?
10
Suppose 4*a = 3*q - 181, 4*q + 67 = -4*a + 327. What is the greatest common divisor of 90 and q?
9
Suppose -2*l = 4*f - l - 10, -4*f = 5*l - 2. Suppose -u + 3 = 0, -w = u - f*u - 684. Suppose -66 = -6*c + w. Calculate the greatest common divisor of 18 and c.
18
Suppose -9*a + 330 = -318. What is the highest common factor of a and 252?
36
Let n(u) = -19*u + 60. Let b be n(9). Let h = b + 235. What is the highest common factor of h and 31?
31
Suppose -36*c + 44 = -32*c. Let l = -9 + c. What is the greatest common divisor of 18 and l?
2
Let a = -12 - -29. Suppose -7 = -2*x + a. Calculate the greatest common divisor of 8 and x.
4
Let o be -3 + 1 - -3 - -1. Suppose -o = -5*s + 8. Suppose -9 = -s*l - 3. What is the highest common divisor of l and 9?
3
Let z(u) = 9*u + 22. Let o(d) = -4*d - 11. Let g(t) = -5*o(t) - 2*z(t). Let x be g(8). What is the highest common divisor of 9 and x?
9
Suppose 2*v = 58 + 78. Calculate the greatest common divisor of v and 119.
17
Let l = -717 - -743. Calculate the greatest common divisor of l and 4.
2
Let c(o) = -o**3 - 4*o**2 - 2*o + 192. Let a be c(0). Calculate the greatest common divisor of 6 and a.
6
Suppose 15*j = 673 - 178. What is the greatest common factor of j and 132?
33
Suppose -4*u + 3 = -5*c + 15, 3*c = -2*u + 16. Suppose u*o + 3 = 19. Let h be o/(-4) - 128/(-4). What is the greatest common factor of 10 and h?
10
Let k = -49 - -54. Suppose k*w + 182 = 12*w. Suppose -5*p + 344 = a + 84, 104 = 2*p - 4*a. What is the greatest common divisor of w and p?
26
Let q(x) = -2*x + 14. Let c be q(7). Suppose c = 6*r - 11*r. Suppose -10*b + 9*b + 15 = r. What is the greatest common factor of b and 5?
5
Let p = 5 + -10. Let x(r) = -2*r**3 - 2*r**2 - 5*r + 2. Let z be x(p). Suppose 5*a - z = -2. Calculate the greatest common divisor of 5 and a.
5
Let j(s) = -s**2 - 25*s - 104. Let h be j(-6). Calculate the highest common factor of h and 235.
5
Let g = 1 + 1. Suppose 133*i - 3003 = 126*i. Suppose -g*s + i = s. What is the highest common divisor of s and 13?
13
Suppose 12*w + 68 = 524. Suppose 0 = 5*x - 5*f - 7 - 548, 0 = -4*x + 5*f + 441. Calculate the highest common factor of w and x.
38
Let t be (-4)/(-6)*(291 + -6). Let k be (-1186)/16 - 5/(-40). Let i = 2 - k. What is the highest common divisor of i and t?
38
Let l = 682 - 518. Calculate the greatest common divisor of 8 and l.
4
Let f be -2 + (13 - (4 - 1)). Let k = f + -4. Suppose 2*z = z + k. What is the highest common factor of 12 and z?
4
Let d(m) = m**2 + 13*m + 16. Let h be d(-13). Calculate the greatest common factor of 304 and h.
16
Let u = -16 + 30. Let v be -1 + -1 + -4 + 8. Suppose -3*a + 164 = 4*p, p + 113 = v*a - 0*p. What is the highest common divisor of a and u?
14
Suppose d + 3*w - 159 = -0*d, -4*d + 650 = 5*w. Suppose -9*g + 169 = -425. What is the greatest common divisor of d and g?
33
Let p = 30 + 62. Suppose 0 = -n - 3*n - y + p, -88 = -3*n + 4*y. What is the highest common divisor of 60 and n?
12
Suppose 9*v = 6*v + 9. What is the greatest common divisor of v and 48?
3
Let f(y) = 30*y**2 - 53*y + 209. Let o be f(9). What is the highest common divisor of o and 46?
46
Suppose -9*q = -5*q. Suppose 0 = -q*p - p + s + 202, 586 = 3*p + 2*s. What is the highest common divisor of 18 and p?
18
Suppose 4*t + 0*x = -3*x + 408, x = t - 109. Suppose -138 = -5*l + 5*m - 48, 0 = -2*l + 3*m + 39. Calculate the highest common factor of t and l.
15
Let f(c) = -3 - 9 - c + 1 + 3*c. Let h(z) = -2*z**2 - 10*z + 4. Let q be h(-4). Let j be f(q). Calculate the highest common divisor of j and 117.
13
Let f(b) = 0*b**3 - 8 - 193*b - 4*b**2 + b**3 + 202*b. Let i be f(5). Calculate the highest common factor of i and 2.
2
Let x = -2014 - -3931. Calculate the greatest common factor of x and 27.
27
Suppose 5*f + 5*g - 25 = 15, 4*f + g - 38 = 0. Let b = -76 + 82. Let o be 3 - (b + 1) - -9. Calculate the greatest common divisor of f and o.
5
Let q = -136 + 160. Let l be 14 + -2 + q/4. Calculate the greatest common factor of 27 and l.
9
Let h = 1078 + -1063. Calculate the highest common factor of 3 and h.
3
Suppose j - 16 = 2*q - 3*j, -5*j = 5*q - 35. Calculate the highest common divisor of 54 and q.
2
Let o = 2 - -37. Let b be 19*3 - (-2 + 7). Calculate the highest common factor of o and b.
13
Suppose -21*d = -5464 - 44957. What is the highest common factor of d and 7?
7
Let m = -577 - -581. What is the greatest common factor of m and 22?
2
Let d(w) = -10*w + 5. Suppose 0*l = -2*l + 4. Suppose -4*s - 12 = 4*v, -3*s + 0*s + l*v = 19. Let f be d(s). Calculate the greatest common divisor of f and 5.
5
Let m be (-1)/11*-5003 - 2/(-11). Calculate the highest common factor of m and 91.
91
Suppose -630 = -f - 6*f. What is the highest common factor of 450 and f?
90
Let r be (-1)/(-2) - (-3)/(-2). Let c be ((-2)/r)/(8/12). Suppose 4*s = h + 113, 5*s + h + c*h - 115 = 0. Calculate the highest common divisor of s and 3.
3
Let y = -244 + 252. Calculate the highest common factor of y and 6.
2
Let z(y) = y**2 - 1. Let d be z(-1). Suppose -2*c = 6, 3*h + d*c = -3*c + 72. Suppose -x = 3 - h. Calculate the greatest common divisor of 6 and x.
6
Suppose 0*j - 14 = -7*j. Suppose -j*u + 27